rt -1 (base 5) to base 14.
-1
Convert -14 (base 5) to base 4.
-21
Convert -b4 (base 13) to base 10.
-147
What is -3 (base 10) in base 16?
-3
Convert 5 (base 12) to base 2.
101
-2203 (base 4) to base 8
-243
d (base 14) to base 6
21
Convert 131 (base 4) to base 6.
45
What is 1124 (base 6) in base 10?
268
-3322 (base 4) to base 2
-11111010
What is 2 (base 5) in base 2?
10
Convert 0 (base 11) to base 3.
0
What is 26 (base 7) in base 2?
10100
-3 (base 12) to base 13
-3
What is -75 (base 15) in base 9?
-132
Convert 1422 (base 6) to base 4.
11312
7 (base 14) to base 9
7
13 (base 5) to base 11
8
What is -2 (base 15) in base 9?
-2
-2 (base 10) to base 2
-10
Convert 214 (base 6) to base 12.
6a
-10 (base 6) to base 13
-6
What is -e (base 15) in base 13?
-11
110 (base 8) to base 2
1001000
77 (base 8) to base 13
4b
What is 3 (base 10) in base 9?
3
Convert -14 (base 8) to base 16.
-c
-1b (base 14) to base 7
-34
What is 110101 (base 2) in base 5?
203
-35 (base 7) to base 6
-42
2 (base 3) to base 5
2
111 (base 2) to base 9
7
What is 11 (base 12) in base 15?
d
Convert 113 (base 10) to base 6.
305
What is -10 (base 8) in base 4?
-20
Convert -3 (base 9) to base 10.
-3
Convert -1 (base 11) to base 15.
-1
Convert -1041 (base 6) to base 15.
-111
-22 (base 3) to base 14
-8
12 (base 11) to base 9
14
-7 (base 16) to base 9
-7
13 (base 10) to base 3
111
What is ce (base 16) in base 11?
178
What is -1011 (base 2) in base 14?
-b
What is -c (base 14) in base 7?
-15
-1 (base 11) to base 13
-1
-a1 (base 11) to base 12
-93
c (base 15) to base 14
c
-4 (base 9) to base 8
-4
What is -14 (base 5) in base 16?
-9
Convert -9 (base 12) to base 5.
-14
Convert 11 (base 3) to base 15.
4
What is 10200 (base 3) in base 4?
1203
Convert -2 (base 8) to base 15.
-2
-79 (base 12) to base 7
-162
Convert -100 (base 2) to base 9.
-4
-2 (base 13) to base 3
-2
Convert -2 (base 9) to base 14.
-2
Convert -1 (base 9) to base 11.
-1
Convert -23 (base 5) to base 9.
-14
66 (base 15) to base 7
165
What is 20 (base 11) in base 3?
211
What is 112 (base 3) in base 2?
1110
-20211 (base 3) to base 2
-10111000
1a (base 11) to base 14
17
What is 1 (base 15) in base 16?
1
20 (base 6) to base 2
1100
-d (base 16) to base 5
-23
Convert -3 (base 13) to base 2.
-11
Convert -b (base 16) to base 7.
-14
Convert 134 (base 9) to base 10.
112
Convert 0 (base 14) to base 16.
0
Convert 4 (base 12) to base 10.
4
Convert 1 (base 14) to base 5.
1
What is 3 (base 5) in base 16?
3
What is 0 (base 11) in base 16?
0
Convert -101101 (base 2) to base 5.
-140
What is 251 (base 8) in base 3?
20021
Convert -3 (base 11) to base 6.
-3
213 (base 4) to base 12
33
What is 0 (base 15) in base 4?
0
Convert 14 (base 15) to base 12.
17
-7 (base 16) to base 9
-7
21 (base 4) to base 8
11
1 (base 7) to base 10
1
Convert -10 (base 3) to base 14.
-3
101 (base 6) to base 16
25
What is -a (base 12) in base 10?
-10
33 (base 13) to base 8
52
What is 4 (base 15) in base 3?
11
Convert -6 (base 10) to base 15.
-6
Convert -100 (base 3) to base 8.
-11
Convert -9 (base 10) to base 9.
-10
-1 (base 13) to base 4
-1
Convert -2 (base 9) to base 8.
-2
What is -2 (base 5) in base 13?
-2
What is -24 (base 16) in base 6?
-100
2200 (base 5) to base 15
150
101 (base 2) to base 3
12
110 (base 2) to base 6
10
Convert -43 (base 5) to base 8.
-27
What is 5 (base 12) in base 4?
11
Convert 53 (base 13) to base 14.
4c
Convert 111 (base 4) to base 5.
41
-4 (base 12) to base 8
-4
1 (base 5) to base 16
1
What is 101 (base 5) in base 10?
26
What is -20 (base 11) in base 2?
-10110
Convert 3 (base 6) to base 10.
3
What is -3 (base 4) in base 7?
-3
What is -119 (base 11) in base 14?
-a1
Convert 418 (base 9) to base 5.
2331
What is 1 (base 14) in base 3?
1
2 (base 3) to base 16
2
Convert -3330 (base 4) to base 11.
-20a
0 (base 16) to base 11
0
Convert -12 (base 6) to base 16.
-8
Convert 6 (base 9) to base 4.
12
1233 (base 4) to base 10
111
What is -99 (base 10) in base 8?
-143
What is 3 (base 16) in base 14?
3
2100 (base 3) to base 8
77
4 (base 7) to base 10
4
2 (base 3) to base 15
2
-84 (base 14) to base 8
-164
-1000 (base 2) to base 4
-20
22 (base 7) to base 6
24
Convert 5c (base 15) to base 14.
63
Convert 1 (base 15) to base 8.
1
What is 1a (base 15) in base 14?
1b
-1 (base 8) to base 14
-1
Convert 1 (base 3) to base 9.
1
What is -13 (base 7) in base 14?
-a
Convert 2 (base 12) to base 6.
2
Convert -1 (base 16) to base 6.
-1
Convert 7 (base 12) to base 13.
7
What is 2 (base 3) in base 4?
2
What is 9 (base 10) in base 6?
13
Convert -323 (base 7) to base 12.
-118
-9 (base 16) to base 11
-9
Convert -5 (base 12) to base 5.
-10
What is 0 (base 9) in base 14?
0
What is 5 (base 6) in base 8?
5
100001 (base 2) to base 5
113
-12 (base 8) to base 3
-101
Convert -200 (base 6) to base 14.
-52
2 (base 4) to base 2
10
What is -9 (base 13) in base 14?
-9
45 (base 12) to base 2
110101
3 (base 16) to base 2
11
What is 9 (base 14) in base 12?
9
10001000 (base 2) to base 10
136
What is -112 (base 3) in base 2?
-1110
Convert -4 (base 5) to base 6.
-4
1032 (base 6) to base 13
152
1000 (base 3) to base 15
1c
What is -5 (base 9) in base 5?
-10
Convert 16 (base 12) to base 14.
14
-4 (base 9) to base 7
-4
51 (base 15) to base 4
1030
1010110 (base 2) to base 8
126
What is -4 (base 8) in base 5?
-4
What is 10 (base 2) in base 12?
2
Convert 8 (base 16) to base 2.
1000
Convert -2 (base 12) to base 15.
-2
What is 3 (base 13) in base 9?
3
-1d (base 14) to base 10
-27
10111 (base 3) to base 12
7a
Convert 1 (base 9) to base 4.
1
What is -6 (base 13) in base 10?
-6
19 (base 13) to base 11
20
-10 (base 11) to base 15
-b
-6 (base 16) to base 4
-12
What is -3 (base 11) in base 15?
-3
Convert 5 (base 16) to base 4.
11
What is -17 (base 11) in base 2?
-10010
Convert 83 (base 13) to base 8.
153
What is -111000 (base 2) in base 15?
-3b
What is -12 (base 10) in base 3?
-110
7 (base 9) to base 11
7
3a (base 14) to base 7
103
-11010001 (base 2) to base 3
-21202
-100011 (base 2) to base 12
-2b
-c (base 14) to base 2
-1100
-3 (base 9) to base 7
-3
Convert 5 (base 8) to base 16.
5
What is -250 (base 10) in base 3?
-100021
-30 (base 8) to base 10
-24
-103 (base 4) to base 11
-18
-1 (base 6) to base 16
-1
Convert 2 (base 12) to base 2.
10
245 (base 9) to base 2
11001011
What is -13 (base 15) in base 14?
-14
9 (base 10) to base 4
21
What is -2 (base 10) in base 2?
-10
-38 (base 11) to base 4
-221
-7 (base 11) to base 12
-7
What is 2 (base 13) in base 5?
2
What is 11 (base 2) in base 16?
3
13 (base 10) to base 15
d
What is 3 (base 7) in base 4?
3
What is 11 (base 9) in base 14?
a
1 (base 13) to base 4
1
-2 (base 5) to base 4
-2
-84 (base 15) to base 2
-1111100
0 (base 13) to base 3
0
Convert -2 (base 11) to base 3.
-2
What is 1110 (base 2) in base 13?
11
What is 21 (base 3) in base 9?
7
What is 4 (base 16) in base 8?
4
What is -1 (base 14) in base 4?
-1
What is -11101001 (base 2) in base 5?
-1413
Convert 5 (base 16) to base 9.
5
127 (base 9) to base 12
8a
What is -30 (base 5) in base 2?
-1111
What is -17 (base 12) in base 11?
-18
Convert -170 (base 14) to base 6.
-1210
Convert 32 (base 15) to base 7.
65
What is -22 (base 11) in base 5?
-44
Convert 31 (base 6) to base 4.
103
0 (base 6) to base 4
0
What is 14 (base 8) in base 4?
30
Convert 275 (base 8) to base 5.
1224
What is -4 (base 10) in base 3?
-11
What is -3 (base 13) in base 6?
-3
-2 (base 8) to base 11
-2
Convert 6 (base 15) to base 14.
6
212 (base 3) to base 9
25
Convert 101 (base 3) to base 13.
a
Convert -16 (base 7) to base 9.
-14
Convert -151 (base 13) to base 14.
-12b
Convert 0 (base 12) to base 11.
0
554 (base 7) to base 3
101112
Convert -10 (base 15) to base 10.
-15
Convert 6 (base 16) to base 13.
6
What is 0 (base 10) in base 9?
0
What is 1 (base 13) in base 16?
1
What is -8 (base 9) in base 15?
-8
Convert 0 (base 16) to base 4.
0
23 (base 11) to base 8
31
16 (base 12) to base 15
13
What is c (base 14) in base 4?
30
21 (base 8) to base 14
13
-124 (base 7) to base 2
-1000011
Convert 11 (base 9) to base 15.
a
What is -530 (base 6) in base 3?
-21100
What is 22 (base 7) in base 16?
10
-67 (base 10) to base 4
-1003
Convert 21 (base 3) to base 2.
111
Convert 12 (base 9) to base 2.
1011
-10 (base 9) to base 6
-13
130 (base 5) to base 3
1111
55 (base 10) to base 6
131
Con